e (4 - (-7 + 2)) + (1 - -4) + 0.
14
Evaluate 20 + -8 + -11 - -1.
2
What is 449 + -440 + (0 - 63) + 19?
-35
What is the value of (-2 - -9) + (-37 + (4 - 0) - -7)?
-19
What is the value of (-9 + -3 - -17) + -28?
-23
What is the value of 22 + (-12 - 7) + -4?
-1
What is the value of 5 + 29 - 24 - (20 + 0)?
-10
Calculate (6 - (-7 - -9)) + -5 - -3 - 1.
1
Calculate 0 + (12 - (11 - 12) - -11).
24
Calculate (-1 - 4) + -2 - (-4 - 13).
10
Calculate -10 + -6 + 14 - (2 - 1 - -3).
-6
What is (-5 - 1) + (-18 + 2 + 8 - 0)?
-14
Calculate 6 + 1 + (-18 - (1 - 23)).
11
What is the value of -3 + 18 + -6 - (14 - -1)?
-6
5 + (8 - (-4 - -11)) - 18
-12
What is 1 + 1 + 4 + 5 + -2 + -2?
7
-6 + 0 - -6 - (2 + 6 + 29)
-37
What is 0 + -8 - (5 - 7) - (-22 + 13)?
3
What is -11 - (-16 + 11 - (-3 - 0 - -6))?
-3
Evaluate (-17 - (25 - 48)) + -7 + -2.
-3
What is the value of (11 - 5) + -3 - (32 - (-7 - -8))?
-28
-2 - -15 - (15 + (-12 - 0))
10
Calculate -13 - (7 + -18 - 13).
11
Evaluate -22 + (-7 - -5) + 2 - (1 - 0).
-23
(6 - 0 - (19 - 5)) + 5
-3
Evaluate 8 - -1 - ((5 - 14) + 12) - 14.
-8
37 - (-78 + 43 + 66)
6
-5 + (-10 + 9 - -3) + 6
3
Evaluate 355 + -330 + (-16 - 0).
9
5 + -2 - (-1 + 10) - (24 + -43)
13
Calculate (-2 - (2 + 0)) + (35 - (46 - 20)).
5
What is 7 - (-9 + 9 - (-9 - -3) - -11)?
-10
What is 3 + 9 - (61 - 29)?
-20
What is the value of -2 - (5 + -7) - (8 - -2)?
-10
What is the value of 5 + -8 + -8 - (5 + -8)?
-8
Evaluate -7 - (3 + 3 - 7) - (-1 + 1).
-6
What is -6 + 14 + -5 + (-5 - -2)?
0
-8 + 4 + 9 - 6 - (3 - 5)
1
What is the value of 0 + -1 + (54 - 62) + 19?
10
Evaluate -1 + 9 + (21 - 32).
-3
Calculate (-23 - -14 - -3) + 14.
8
What is the value of (-19 - -8) + (-2 - 5) + 4?
-14
What is the value of 3 - (-10 + 3 + 3) - 18?
-11
-2 + -10 + (332 - 314)
6
(-3 - -1) + 20 - (-38 + 36 + -5)
25
21 + -14 + 19 - 4
22
Evaluate 12 + -1 - (75 - 68) - (-7 + 0).
11
Evaluate -6 - ((-7 - -6) + -6) - 3.
-2
(-1 + 30 - 10) + (-10 - (-3 + -1))
13
Calculate (-4 - 2) + -47 + 56 + (-6 - -1).
-2
What is 7 - (-10 - (7 + (13 + -4 - 8)))?
25
Evaluate 10 - -3 - (-2 + 0 - (-15 + 8)).
8
-28 + 0 - (226 + -278)
24
What is (27 + -16 - -24) + -39?
-4
-3 + 0 + (0 - 8 - (32 - 38))
-5
What is 285 - 283 - (0 - (-1 + (0 - -12)))?
13
What is the value of -20 + 5 - ((137 - 139) + 0 + 7)?
-20
What is (-9 - (-19 - -19)) + -7?
-16
Calculate -5 + 6 + -8 - (18 + (5 - 8)).
-22
What is (10 - -20) + -18 + -20 + 4?
-4
What is -9 - -12 - -23 - 15?
11
What is 7 - (-56 + 54 + (0 - -26))?
-17
Evaluate -22 + 6 + (68 - 40).
12
1 + 6 + 5 + 12 + -30 + 13
7
What is -14 + (-22 - 1 - -31)?
-6
Calculate 6 - (4 - (21 - (-7 + 17))).
13
(-20 + 14 - -1) + 21 + -2
14
(23 - 72) + -7 + 20 - -9
-27
What is -4 - 0 - (1 + 8 - (3 - -15))?
5
56 + -14 + -5 - 18
19
What is -19 + (-11 + -8 - -15)?
-23
-31 + 23 + (3 - -1)
-4
What is the value of -1 + (9 - -7) - -2 - (0 + -6)?
23
Calculate 34 - (-52 + 49 - -23).
14
What is the value of (-10 - -2) + (15 - (-3 - -27))?
-17
Evaluate -69 - -97 - (15 - 3 - 2).
18
Calculate (-3 - 5 - (-4 + 1 - 0)) + 3.
-2
What is the value of 15 + 8 - (-1 - -11)?
13
1 + 0 - (-3 - -6) - -8
6
Evaluate 4 + -1 - (32 + -24 + (-1 - 1)).
-3
Evaluate -31 + 39 + -30 - -32.
10
What is the value of 45 - (30 - -1 - 6)?
20
Evaluate (-14 + 1 - -1) + 311 + -311.
-12
Evaluate -1 - -5 - (-1 + 8 + 25 + 4).
-32
Calculate (12 - 3 - 16) + (7 - -2).
2
What is 12 + (-3 - (12 + -17) - (4 + 8))?
2
What is -9 + (16 + 0 + -8 - -9 - 8)?
0
What is 1 + (-6 - (9 - 1))?
-13
What is the value of -14 + 54 + -8 - 5?
27
What is (2 - 12) + 1 - (12 - 27 - -21)?
-15
Calculate (-16 - 1 - (-7 + 0)) + -10.
-20
Evaluate 11 + -2 + -11 + (1 - 6) + -10.
-17
What is the value of 8 + 25 + -19 - 22?
-8
Evaluate -11 + -10 + 12 + (1 - -1) + 1.
-6
What is the value of -28 - ((-3 - 16) + 0)?
-9
What is the value of 9 + -1 - (-331 - -343)?
-4
Calculate (-10 - 7) + (1 - (-2 + -3)).
-11
What is the value of 2 - (3 - (-4 - -1) - -1)?
-5
12 + 7 + -64 + 45
0
-18 + 11 + -14 + 14
-7
What is the value of 13 + 1 - (7 + -13 + 6)?
14
What is the value of 5 - (0 - (-4 - (-2 + -1) - -3))?
7
-8 + 5 - (30 + -43)
10
Calculate 4 - (6 + 20) - -13.
-9
What is the value of 35 + -62 + 23 - (0 + 8)?
-12
What is (-4 - (23 + -38)) + 6?
17
What is -4 - (9 - (8 - (-1 - 10)) - -19)?
-13
Evaluate -7 - (-19 - ((2 - (1 - -3)) + -2)).
8
What is 1 + (0 - -5) + 13?
19
Evaluate 0 + -25 - (-13 + 7 - 5).
-14
2 + -1 + (-107 - -102)
-4
What is the value of -3 - (14 - (15 - 6) - (1 - 12))?
-19
What is (-6 - -2) + (-4 - -2) - 0?
-6
What is the value of (373 - 377) + (1 + -4 - 16) + -1?
-24
What is (-6 - -2) + 16 + -19 + 0?
-7
Evaluate (-108 - -111) + (1 - -1).
5
What is 28 - (35 + -1 + -13 + -5)?
12
What is 5 - (-2 - (-6 - 4)) - -13?
10
What is (-717 - -699) + -2 + 4 + 50?
34
What is the value of -3 + -17 + (-5 - -10) + 2?
-13
What is (1 - 1) + 4 + 28 + (-22 - 13)?
-3
Calculate -6 - ((-51 - -47) + 1 + 3 + 3).
-9
(-7 - 19) + 39 + -21
-8
What is the value of -3 + (13 - 4 - 3 - 7)?
-4
Evaluate -6 + 7 + -3 + 4.
2
Calculate 22 + -36 - (-2 + -12).
0
Evaluate 129 + -65 - 64 - ((0 - 17) + -1).
18
Evaluate -10 + 11 + (-3 - (2 - (3 - -5))).
4
Evaluate (59 - (-4 + 36)) + 0.
27
(-10 - -20) + -10 + -3
-3
What is the value of -24 + (9 - 15) + -3 + 4?
-29
What is 3 + -4 + -6 - (93 + -102)?
2
Evaluate -2 + -18 + 40 + -28.
-8
Evaluate -10 + 18 + -10 + -12.
-14
Calculate (-1 - (1 - 0)) + 5 - (87 - 90).
6
Calculate -21 + (-1 + 9 + -1 - -2).
-12
15 - ((-24 - -26) + -8)
21
What is the value of 1 + (0 - -6) - (-16 - (-19 - 10))?
-6
What is -2 - (-6 - (9 - 6)) - 19?
-12
Calculate 1 + -2 + -1 - (-3 - -6).
-5
-26 - (-75 - (-33 + 8))
24
What is the value of (11 - 3) + 0 + -10 + -2?
-4
What is -33 - (5 - (0 + 2 - -8))?
-28
What is the value of (-1 - 0) + (-9 - (-30 + 34))?
-14
What is 16 + 10 + -14 + -23 - -15?
4
Evaluate -12 + -1 + 9 + -1 - 5.
-10
What is 65 + -22 + -22 + -5?
16
What is 0 + (-9 - (-17 - -10))?
-2
Calculate (6 + -14 - (3 - 9)) + -11.
-13
(4 - (56 + -33)) + 56
37
Calculate 31 + (-24 - (-29 + 7)).
29
What is the value of 18 + -10 - (6 - -3) - 8?
-9
-12 + -98 + 108 + (0 - -8)
6
5 + -15 + 16 + 2 - -6
14
Evaluate -89 + 106 + 7 + (-2 - -2).
24
What is (1 - (-19 - -16)) + (4 - 0)?
8
What is the value of -3 - -12 - (-12 - (1 + -29))?
-7
What is the value of -3 - (-4 + 2) - (344 - 350)?
5
Calculate -16 - (-7 + 2 + 10 + -2).
-19
Calculate 3 + 13 + -26 + 1 - -10.
1
17 + -21 + 2 - (-1 - -2)
-3
Evaluate 6 - (-17 + 16) - 23.
-16
What is -47 + (44 - 1) - (-1 - 28)?
25
What is the value of -1 - -6 - ((4 + 5 - 3) + 3)?
-4
Calculate (6 + -5 + -4 - 4) + -1.
-8
Evaluate 21 + 17 + 0 + -38.
0
What is (2 + -3 + -2 - (40 - 42)) + -8?
-9
What is the value of -4 - 1 - (-62 + 69)?
-12
What is -10 + 12 - (4 - (3 + 0))?
1
Calculate 0 + -4 + (-1 + 30 - (4 + 0)).
21
(8 - (0 + -1) - (106 - 98)) + 2
3
Evaluate (-484 - -480) + (0 - -2 - (-4 - 0)).
2
Calculate -5 + -1 + 6 + -2 + 12 - 4.
6
Calculate (0 - 5) + 68 + -62.
1
-12 - -2 - 1 - (35 + 51 + -75)
-22
-13 - (10 - 0 - 12 - 1)
-10
What is -5 + (-6 + 5 - -14) - (10 + 0)?
-2
What is the value of 2 + 1 + 13 + -21 + 17 + -1?
11
What is 6 + -6 - (-17 - (-18 + 14))?
13
What is the value of 22 + (-34 + 26 - -9)?
23
What is the value of (2 - 5 - 5 - -2) + 4?
-2
Evaluate (-15 - (4 + -4)) + 23.
8
Evaluate -25 + 31 + (8 + -58 - -7).
-37
Calculate 2 + 0 + -13 + (15 - (-2 + 7)).
-1
What is (3 + 17 - -16) + -18?
18
What is -12 + -11 + (-9 - -34) + -6?
-4
What is -56 - -55 - (-4 + 12)?
-9
What is (17 + -13 - -7) + -3?
8
What is (-7 - -14) + (0 - (6 - 13))?
14
What is -7 - (-9 - -6) - -32?
28
What is the value of 2120 - 2081 - (-1 + 19)?
21
-15 + (-6 - (-8 + (-4 - (-5 - -2))))
-12
What is (27 - (-9 - -23)) + 1 - 2?
12
What is 52 + -45 - (-2 - -2)?
7
Calculate 5 - (39 + (-30 - -3)).
-7
Evaluate -14 + (8 - 10 - -9) + -6.
-13
What is -21 - (-22 - -2 - -4)?
-5
Calculate (-13 + 3 - (-10 - 0)) + 2 + -3.
-1
Calculate (-18 - 1 - (5 + -15)) + -4 + 2.
-11
-12 + 8 - (-1 + -2 + (-2 - -4))
-3
What is the value of (13 - (7 + -4 + 1)) + 114 + -107?
16
(14 - (31 - 16)) + 3
2
Calculate (-7 - 2) + -2 + 245 + -214.
20
Evaluate -20 + 21 + -8 - -7.
0
What is -40 + (-14 - -39) - 6?
-21
What is 27 - (0 + (-41 - -58))?
10
Evaluate (7 - 7) + -6 + -3.
-9
What is (22 - 2) + 4 + (-5 - 8)?
11
What is (21 - 70) + 12 - (1 - 17)?
-21
What is 65 + -66